k - 3010 = 0. What is the tens digit of s?
0
Let o(y) = -2990*y - 2693. What is the units digit of o(-10)?
7
What is the units digit of 18/(-8) + 0 + (-15883535)/(-3260)?
0
Let a = 198 - -993. Let y = 1851 - a. What is the hundreds digit of y?
6
Let p(g) = 1088*g - 2739. What is the thousands digit of p(27)?
6
Let b(o) = 13*o + 119. Let i be 2/(28/(-147))*-2. What is the units digit of b(i)?
2
Let x(j) = 206*j**3 - 6 + 9*j - 8*j + j**2 + j**2 + j. What is the units digit of x(2)?
4
Let z(l) = 8*l - 82. Let x be z(12). Suppose -x*y - 4*y = -8334. What is the tens digit of y?
6
Suppose -2*b = -0*b + 4, 4*o = -4*b + 4600. Suppose o = 4*d + 5*d. Suppose 2*q + 747 = 5*h, h - 3 - d = 5*q. What is the units digit of h?
1
Let m be 4 - (-4 + 10 + 1). Let y be 38/8 + m/(-12). Suppose 3 = 5*x + 13, -5*x + 330 = y*a. What is the tens digit of a?
6
Suppose 16*l + 163*l - 10672 - 69878 = 0. What is the units digit of l?
0
Let q be 0/(((-6)/9)/(6/(-9))). Suppose q = -27*j + 23*j. What is the units digit of j - (-2076)/26 - (-18)/117?
0
Suppose 22*k = -k - 17526. Let h = -133 - k. What is the hundreds digit of h?
6
Let x(m) = -2*m - 2. Let p(w) = -2071*w**2 - 23*w - 22. Let h(l) = -p(l) + 3*x(l). What is the units digit of h(-1)?
0
Suppose -q = 2*k - 12690, -30 + 6 = 4*k. What is the ten thousands digit of q?
1
Suppose 0 = -14*n + 1751 + 21811. What is the thousands digit of n?
1
Let g = 452 + -445. What is the tens digit of 8/56 + 5599/g?
0
Suppose 4*y + 2 = 6, 38 = 2*t - 2*y. Suppose t*p = 7547 + 593. What is the units digit of p?
7
Let i(t) = -t**3 + 7*t**2 - 5*t - 7. Let s be i(6). Let n = s + 4. Suppose 2*l + 12 + 62 = f, 0 = n*f - 3*l - 210. What is the tens digit of f?
6
What is the hundreds digit of (-12)/(-192)*8*(19 + -3) - -47694?
7
Let k = -97 - -67. Let o = k - 52. Let w = 80 - o. What is the hundreds digit of w?
1
Let w be (0 - (-40)/16)/((-2)/328). Let g = 2507 + w. What is the hundreds digit of g?
0
Let q(z) = z**3 + 14*z**2 + z + 5. Let y be q(-12). What is the hundreds digit of ((-1)/(-6)*y)/(2/12)?
2
Suppose 2*d = 7 - 3. What is the tens digit of (-2)/(-3 + d) - (-148 + -5)?
5
Let m = 837 + 2591. What is the hundreds digit of m?
4
Let w(i) = i**2 - 1. Let u be w(2). Suppose 2*n = -n + 288 - 0. Suppose u*o - 21 = n. What is the units digit of o?
9
Let n(f) = -f**3 + 6*f**2 + f - 1. Let w be n(6). Suppose 4*s - 2*s - w*o - 14 = 0, -4*s - o + 6 = 0. Suppose -90 = -s*h - 4. What is the tens digit of h?
4
Let h(u) = u**2 + u + 2. Let j be h(-2). Suppose -j = -3*a - 217. Let m = 15 - a. What is the tens digit of m?
8
Suppose -76*r = 5*o - 80*r - 25421, 2*o = -5*r + 10175. What is the thousands digit of o?
5
Suppose -2*i + d + 252 = -2*d, 4*d = -16. Suppose -3*o - 35*y + 33*y - 169 = 0, 0 = -3*y - 6. Let u = o + i. What is the units digit of u?
5
Let b(q) = -2*q**2 + 15*q - 15. Let c be b(6). Suppose 4*i + 26 = 2*j, 7 = -j - c*i - 0. Suppose 4*g - j*g + 103 = 0. What is the units digit of g?
3
Let y be (-13 + 1)*((-2356)/16 + 2). Suppose 67*l - y = 60*l. What is the units digit of l?
9
Suppose 138 = 7*z - 1255. Suppose -5*p + 4*a + 415 = 0, 3*p = 6*p - 4*a - 241. Let f = z + p. What is the tens digit of f?
8
Let j(q) = q**3 - 20*q**2 + 23*q - 48. Let n be j(18). Let w = -254 - n. What is the tens digit of w?
2
Let z be -1 + 5 - 1464/3. Let k = z - -702. What is the hundreds digit of k?
2
Suppose -3*v + 4*a = -1459, 2*a = 3*v - 455 - 1002. Let n = v + -333. What is the hundreds digit of n?
1
Let m = -2345 + 3142. What is the units digit of m?
7
Suppose 74*y = -105*y + 501049 + 2548753. What is the units digit of y?
8
What is the thousands digit of (3681/(-18) - 18)/((-1)/6)?
1
Let i = 62009 - 13626. What is the tens digit of i?
8
Suppose h = -4*y + 4*h - 15, 5*h + 4 = -3*y. Let o be (-1 + 5 + y)/(1/(-4)). What is the hundreds digit of o + 3 + 140 - 4?
1
Let f = 53 - 42. Let r(h) = -7 - 4 + 1 - f*h. What is the units digit of r(-9)?
9
Suppose -61*h = -59*h - 174. Suppose 21*n + h = 22*n. What is the units digit of n?
7
Let g = 5519 - 1333. What is the tens digit of g?
8
Let l(g) = -2*g - 15. Let j be l(-9). Suppose -z - 2*r = -j*r + 9, -2*z + 4*r = 24. What is the hundreds digit of (0 + -332)*(1 + z/4)?
1
Let p be 1*4/((-4)/(-23))*8. Let n = -106 + p. Let c = n + -76. What is the units digit of c?
2
Suppose 3*d - 3 = 0, 3*o - 3*d + 4 = 1. Let y(z) = -2*z**2 + z - 12. Let u be y(o). What is the units digit of (-2*39/u)/((-6)/(-72))?
8
Let k(o) = 7*o**3 + 5*o + 5. Let n be k(-4). Let d = -324 - n. What is the hundreds digit of d?
1
What is the tens digit of (0 + 68)*(16 - (-110)/20)?
6
Let p(i) = i**3 - 2*i**2 - 4*i - 1. Let r(t) = -t**3 + 12*t**2 + 2*t - 6. Let l be r(12). Suppose 23*b - 25 = l*b. What is the units digit of p(b)?
4
Let k(i) = -7*i - 218. Let r be k(-26). Let d = 559 + r. What is the tens digit of d?
2
Let c be 3 + 1*-8 + -4. Let u be 65*3*c/(-15). Let q = u - 36. What is the units digit of q?
1
Suppose -6303 = 20*z - 31*z. Suppose 1665 = 3*s - 16*u + 19*u, -s + 5*u = -z. What is the tens digit of s?
5
Suppose 0 = -5*z - a + 5, 4*z = -2*a - 3 + 1. Suppose -2 - 2 = -z*m, 2*l = -3*m + 10. What is the units digit of (2 - 147/(-6))*l?
3
Suppose 0 = a - 4*m - 10648, -42676 = -387*a + 383*a - 5*m. What is the thousands digit of a?
0
Let h = 17545 - 5974. What is the units digit of h?
1
Let o(k) = -k**2 + 14*k - 26. Let f = 99 - 167. Let r be 3*(-2)/18 - f/6. What is the units digit of o(r)?
7
Let u = -7 + 8. Let b(d) = -2*d**3 - 24*d**2 - 1. Let m be b(-12). What is the units digit of -8 + u + 4 - 57/m?
4
Let t(j) = -880*j - 2893. What is the ten thousands digit of t(-22)?
1
Suppose -u - 5*h = 0, 0 = -3*h + 3 - 6. Suppose -q + a = -13, u*a = -4*q + q - 1. Suppose -376 = -q*r + 472. What is the hundreds digit of r?
1
Let z = 5992 - 2674. What is the thousands digit of z?
3
What is the tens digit of (-38135415)/(-2344) - (38/16 - 2)?
6
Let o(s) = s**2 + 14*s - 3. Let y = -18 - -35. Let c = y - 33. What is the tens digit of o(c)?
2
Let o = -71 + 74. Suppose -19 = -o*a - 64. Let i(j) = -j**3 - 16*j**2 - 21*j - 18. What is the units digit of i(a)?
2
Let p be 1/(4/144) - 5. Suppose -30*u + p*u - 118 = 0. What is the tens digit of u?
1
Suppose -w + 5*w = 0. Suppose 2954*f - 2959*f + 630 = 0. What is the tens digit of f - (w/3 + -3)?
2
Let b(q) = -q**2 - q + 4. Let a be b(0). Suppose t + a = 3*p + 52, 4*t - 3*p = 147. Let n = 72 - t. What is the tens digit of n?
3
Let j = 72442 + -7349. What is the thousands digit of j?
5
Suppose -2*a = -4*p + 124, -5*p + p + 182 = -3*a. Let h = a + 25. Let n = h + 81. What is the tens digit of n?
4
Suppose 4*p + 5 - 4 = -5*r, r + 1 = 0. Suppose -2*y + 9 + p = 0. Suppose 5*j + u = y*u + 158, 0 = 4*u + 8. What is the units digit of j?
0
Let g = 90 - 83. Suppose g*x + 45 = 12*x. Suppose 270 = x*b - 6*b. What is the units digit of b?
0
Suppose 2*m + 0*m - 11985 - 35597 = 0. What is the ten thousands digit of m?
2
What is the hundreds digit of 110408/2 + -1*(10 - 5) + -1?
1
Let s be (-1)/(0/1 + (-2)/10). Suppose 0 = s*a - 9*a + 8. What is the tens digit of a - 1 - (-50)/(5 + -3)?
2
Suppose -90*v - 16 - 13 = -29. Let q be ((-1)/2)/(1/(-204)). Suppose 0*c + 3*c - q = v. What is the tens digit of c?
3
Suppose 0 = -29*x + 384887 + 327237. What is the tens digit of x?
5
Suppose 1649525 = 357*p - 422503. What is the units digit of p?
4
Suppose 250*y - 223344 + 1484260 = 297*y. What is the ten thousands digit of y?
2
Suppose -5*r - 39136 = -4*q, r + 10822 - 59771 = -5*q. What is the hundreds digit of q?
7
Let o(a) = -4*a**3 - 148*a**2 + 68*a + 101. What is the ten thousands digit of o(-45)?
6
Let w(u) = 501 + 2*u**2 - 508 + 2*u**2 - 4*u + 0*u. Suppose -6 = -2*f + 3*f. What is the units digit of w(f)?
1
Suppose 204432 + 334320 = 23*y. What is the thousands digit of y?
3
Let a(m) = -25*m**2 + 2350*m - 88. What is the units digit of a(66)?
2
Suppose -3*t + 18 = n, -4*n = -5*n - t + 10. Suppose -n*a - 24 = -14*a. What is the units digit of (a - 1)*1287/26?
9
Let m be ((-1)/2)/((104/(-176))/13). Suppose -m*q = -2*q - 7929. What is the tens digit of q?
8
Suppose -z - 57*s = -59*s - 4370, 4*z - 17492 = 4*s. What is the hundreds digit of z?
3
Let i(l) = -86*l + 22. Let j be i(4). Let z = j - -458. What is the tens digit of z?
3
